{"id":49,"date":"2011-07-11T20:18:53","date_gmt":"2011-07-11T20:18:53","guid":{"rendered":"http:\/\/localhost\/groobe\/websites\/sanagustin\/?page_id=49"},"modified":"2011-09-05T17:03:53","modified_gmt":"2011-09-05T21:03:53","slug":"pre-escolar","status":"publish","type":"page","link":"http:\/\/www.colegiosanagustincaborojo.com\/?page_id=49","title":{"rendered":"Pre-Escolar"},"content":{"rendered":"<p>Durante los a\u00f1os prescolares le brindamos a los estudiantes un ambiente propicio para que desarrollen sus habilidades y destrezas m\u00e1s b\u00e1sicas que le ayudar\u00e1n a ser mejores estudiantes en sus primeros grados elementales.<\/p>\n","protected":false},"excerpt":{"rendered":"<p>Durante los a\u00f1os prescolares le brindamos a los estudiantes un ambiente propicio para que desarrollen sus habilidades y destrezas m\u00e1s &hellip; <\/p>\n","protected":false},"author":1,"featured_media":0,"parent":0,"menu_order":0,"comment_status":"open","ping_status":"open","template":"","meta":{"footnotes":""},"class_list":["post-49","page","type-page","status-publish","hentry"],"_links":{"self":[{"href":"http:\/\/www.colegiosanagustincaborojo.com\/index.php?rest_route=\/wp\/v2\/pages\/49","targetHints":{"allow":["GET"]}}],"collection":[{"href":"http:\/\/www.colegiosanagustincaborojo.com\/index.php?rest_route=\/wp\/v2\/pages"}],"about":[{"href":"http:\/\/www.colegiosanagustincaborojo.com\/index.php?rest_route=\/wp\/v2\/types\/page"}],"author":[{"embeddable":true,"href":"http:\/\/www.colegiosanagustincaborojo.com\/index.php?rest_route=\/wp\/v2\/users\/1"}],"replies":[{"embeddable":true,"href":"http:\/\/www.colegiosanagustincaborojo.com\/index.php?rest_route=%2Fwp%2Fv2%2Fcomments&post=49"}],"version-history":[{"count":4,"href":"http:\/\/www.colegiosanagustincaborojo.com\/index.php?rest_route=\/wp\/v2\/pages\/49\/revisions"}],"predecessor-version":[{"id":331,"href":"http:\/\/www.colegiosanagustincaborojo.com\/index.php?rest_route=\/wp\/v2\/pages\/49\/revisions\/331"}],"wp:attachment":[{"href":"http:\/\/www.colegiosanagustincaborojo.com\/index.php?rest_route=%2Fwp%2Fv2%2Fmedia&parent=49"}],"curies":[{"name":"wp","href":"https:\/\/api.w.org\/{rel}","templated":true}]}}