{"id":480,"date":"2011-09-05T18:30:07","date_gmt":"2011-09-05T22:30:07","guid":{"rendered":"http:\/\/www.colegiosanagustincaborojo.com\/?page_id=480"},"modified":"2011-09-05T18:31:55","modified_gmt":"2011-09-05T22:31:55","slug":"reconocimientos","status":"publish","type":"page","link":"http:\/\/www.colegiosanagustincaborojo.com\/?page_id=480","title":{"rendered":"Reconocimientos"},"content":{"rendered":"<h2><strong>Cuadro de Honor<\/strong><\/h2>\n<p>Ser\u00e1n aquellos estudiantes con una calificaci\u00f3n de 100 a 90 en las asignaturas acad\u00e9micas.<\/p>\n<p>&nbsp;<\/p>\n<h2><strong>Premiaciones Graduaci\u00f3n de Octavo Grado<\/strong><\/h2>\n<ul>\n<li><em>Medalla Primer Honor<\/em><\/li>\n<li><em>Alto Honor\u00a0<\/em><\/li>\n<li><em>Honor<\/em><\/li>\n<li><em>Medalla de Deportes<\/em><\/li>\n<\/ul>\n<h2><\/h2>\n<h2><strong>Premiaciones Graduaci\u00f3n Cuarto A\u00f1o<\/strong><\/h2>\n<ul>\n<li><em>Valedictorian<\/em><\/li>\n<li><em>Salutatorian<\/em><\/li>\n<li><em>Alto Honor<\/em><\/li>\n<li><em>Honor<\/em><\/li>\n<\/ul>\n<h2><\/h2>\n<h2><strong>Otras Premiaciones<\/strong><\/h2>\n<ul>\n<li><em>Premio \u00c1guila<\/em><\/li>\n<li><em>All Around<\/em><\/li>\n<li><em>Premio Sister Anne Eugene Vivas<\/em><\/li>\n<li><em>Medalla de Deportes<\/em><\/li>\n<li><em>Premio de Deportes Orlando &#8220;Landy&#8221; \u00a0Flores<\/em><\/li>\n<li><em>Premio &#8220;Principal Award&#8221;<\/em><\/li>\n<li><em>Premio de Fidelidad<\/em><\/li>\n<\/ul>\n<h2><\/h2>\n<h2><strong>Premio por Materias<\/strong><\/h2>\n<ul>\n<li><em>Excelencia Acad\u00e9mica por Materia<\/em><\/li>\n<li><em>Estudiante m\u00e1s Destacado por Materia<\/em><\/li>\n<li><em>Premiaciones Adicionales<\/em><\/li>\n<\/ul>\n","protected":false},"excerpt":{"rendered":"<p>Cuadro de Honor Ser\u00e1n aquellos estudiantes con una calificaci\u00f3n de 100 a 90 en las asignaturas acad\u00e9micas. &nbsp; Premiaciones Graduaci\u00f3n &hellip; <\/p>\n","protected":false},"author":1,"featured_media":0,"parent":0,"menu_order":0,"comment_status":"open","ping_status":"open","template":"","meta":{"footnotes":""},"class_list":["post-480","page","type-page","status-publish","hentry"],"_links":{"self":[{"href":"http:\/\/www.colegiosanagustincaborojo.com\/index.php?rest_route=\/wp\/v2\/pages\/480","targetHints":{"allow":["GET"]}}],"collection":[{"href":"http:\/\/www.colegiosanagustincaborojo.com\/index.php?rest_route=\/wp\/v2\/pages"}],"about":[{"href":"http:\/\/www.colegiosanagustincaborojo.com\/index.php?rest_route=\/wp\/v2\/types\/page"}],"author":[{"embeddable":true,"href":"http:\/\/www.colegiosanagustincaborojo.com\/index.php?rest_route=\/wp\/v2\/users\/1"}],"replies":[{"embeddable":true,"href":"http:\/\/www.colegiosanagustincaborojo.com\/index.php?rest_route=%2Fwp%2Fv2%2Fcomments&post=480"}],"version-history":[{"count":3,"href":"http:\/\/www.colegiosanagustincaborojo.com\/index.php?rest_route=\/wp\/v2\/pages\/480\/revisions"}],"predecessor-version":[{"id":484,"href":"http:\/\/www.colegiosanagustincaborojo.com\/index.php?rest_route=\/wp\/v2\/pages\/480\/revisions\/484"}],"wp:attachment":[{"href":"http:\/\/www.colegiosanagustincaborojo.com\/index.php?rest_route=%2Fwp%2Fv2%2Fmedia&parent=480"}],"curies":[{"name":"wp","href":"https:\/\/api.w.org\/{rel}","templated":true}]}}