{"id":47,"date":"2011-07-11T20:18:39","date_gmt":"2011-07-11T20:18:39","guid":{"rendered":"http:\/\/localhost\/groobe\/websites\/sanagustin\/?page_id=47"},"modified":"2017-12-21T11:53:21","modified_gmt":"2017-12-21T15:53:21","slug":"programa-academico","status":"publish","type":"page","link":"http:\/\/www.colegiosanagustincaborojo.com\/?page_id=47","title":{"rendered":"Programa Acad\u00e9mico"},"content":{"rendered":"<p>Cada clase b\u00e1sica contar\u00e1 con un tiempo m\u00ednimo de 250 minutos semanales como requisito.<\/p>\n<h2><\/h2>\n<h2><strong>Grados 1-6<\/strong><\/h2>\n<p>Nuestro Nivel Elemental se enfoca en la ense\u00f1anza de destrezas de desarrollo espec\u00edficas dentro de \u00a0los siguientes cursos:<\/p>\n<ul>\n<li><span style=\"color: #993300;\"><strong><em>Espa\u00f1ol<\/em><\/strong><\/span><\/li>\n<li><span style=\"color: #993300;\"><strong><em>Ingl\u00e9s<\/em><\/strong><\/span><\/li>\n<li><span style=\"color: #993300;\"><strong><em>Ciencia<\/em><\/strong><\/span><\/li>\n<li><span style=\"color: #993300;\"><strong><em>Estudios Sociales<\/em><\/strong><\/span><\/li>\n<li><span style=\"color: #993300;\"><strong><em>Matem\u00e1tica<\/em><\/strong><\/span><\/li>\n<li><span style=\"color: #993300;\"><strong><em>Educaci\u00f3n F\u00edsica\u00a0<\/em><\/strong><\/span><\/li>\n<li><span style=\"color: #993300;\"><strong><em>Religi\u00f3n<\/em><\/strong><\/span><\/li>\n<li><span style=\"color: #993300;\"><strong><em>Salud Integrada<\/em><\/strong><\/span><\/li>\n<li>Computadora, M\u00fasica, Arte y Destrezas<\/li>\n<\/ul>\n<div>Tambi\u00e9n contamos con cursos, donde de acuerdo a la determinaci\u00f3n del maestro se selecciona el grupo que participar\u00e1 del mismo:<\/div>\n<div>\n<ul>\n<li><em>Arte<\/em><\/li>\n<li><em>Computadora<\/em><\/li>\n<li><em>M\u00fasica<\/em><\/li>\n<li><em>Ingl\u00e9s Conversacional<\/em><\/li>\n<li><em>T\u00edtulo I (si cualifica)<\/em><\/li>\n<\/ul>\n<h2><\/h2>\n<h2><\/h2>\n<h2><strong>Grados 7-8 (se ha de cumplir con 14 cr\u00e9ditos o m\u00e1s)<\/strong><\/h2>\n<p>S\u00e9ptimo:<\/p>\n<ul>\n<li><em>Religi\u00f3n<\/em><\/li>\n<li><em>Espa\u00f1ol<\/em><\/li>\n<li><em>Ingl\u00e9s<\/em><\/li>\n<li><em>Matem\u00e1tica general<\/em><\/li>\n<li><em>Historia de Puerto Rico<\/em><\/li>\n<li><em>Introducci\u00f3n a la Biolog\u00eda<\/em><\/li>\n<li><em>Educaci\u00f3n F\u00edsica<\/em><\/li>\n<li><em>Ingl\u00e9s Conversacional<\/em><\/li>\n<li><em>Econom\u00eda Dom\u00e9stica<\/em><\/li>\n<li><em>Coro (electiva opcional)<\/em><\/li>\n<\/ul>\n<div>Octavo:<\/div>\n<div>\n<ul>\n<li><em>Religi\u00f3n<\/em><\/li>\n<li><em>Espa\u00f1ol<\/em><\/li>\n<li><em>Ingl\u00e9s<\/em><\/li>\n<li><em>Pre &#8211; \u00c1lgebra<\/em><\/li>\n<li><em>Historia de Am\u00e9rica<\/em><\/li>\n<li><em>Ciencias Terrestres<\/em><\/li>\n<li><em>Educaci\u00f3n F\u00edsica<\/em><\/li>\n<li><em>Ingl\u00e9s Conversacional<\/em><\/li>\n<li><em>Salud\u00a0<\/em><\/li>\n<li><em><em><em>Coro (electiva opcional)<\/em><\/em><\/em><\/li>\n<\/ul>\n<\/div>\n<h2><\/h2>\n<h2><strong>Grados 9-10<\/strong><\/h2>\n<p>Noveno:<\/p>\n<ul>\n<li><em>\u00c9tica y Moral I<\/em><\/li>\n<li><em>Espa\u00f1ol<\/em><\/li>\n<li><em>Ingl\u00e9s<\/em><\/li>\n<li><em>\u00c1lgebra I<\/em><\/li>\n<li><em>Historia del Mundo<\/em><\/li>\n<li><em>Introducci\u00f3n a la F\u00edsica<\/em><\/li>\n<li><em>Educaci\u00f3n F\u00edsica\u00a0<\/em><\/li>\n<li><em>Ingl\u00e9s Conversacional (electiva)<\/em><\/li>\n<li><em>Coro (electiva opcional)<\/em><\/li>\n<\/ul>\n<div>D\u00e9cimo:<\/div>\n<div>\n<ul>\n<li><em>\u00c9tica y Moral II<\/em><\/li>\n<li><em>Espa\u00f1ol<\/em><\/li>\n<li><em>Ingl\u00e9s<\/em><\/li>\n<li><em>Geometr\u00eda<\/em><\/li>\n<li><em>Historia de Puerto Rico<\/em><\/li>\n<li><em>Biolog\u00eda<\/em><\/li>\n<li><em>Educaci\u00f3n F\u00edsica<\/em><\/li>\n<li><em>Salud (electiva)<\/em><\/li>\n<li><em>Coro (electiva opcional)<\/em><\/li>\n<\/ul>\n<h2><\/h2>\n<h2><\/h2>\n<h2><strong>Grados 11-12<\/strong><\/h2>\n<p>Und\u00e9cimo:<\/p>\n<ul>\n<li><em>\u00c9tica y Moral III<\/em><\/li>\n<li><em>Espa\u00f1ol<\/em><\/li>\n<li><em>Ingl\u00e9s<\/em><\/li>\n<li><em>Geometr\u00eda<\/em><\/li>\n<li><em>Historia de Estados Unidos<\/em><\/li>\n<li><em>Qu\u00edmica<\/em><\/li>\n<li><em>Educaci\u00f3n f\u00edsica<\/em><\/li>\n<li><em>Electivas: \u00a0Computadora, Cocina, Artes Manuales o Coro<\/em><\/li>\n<\/ul>\n<p>Duod\u00e9cimo:<\/p>\n<ul>\n<li><em>\u00c9tica y Moral IV<\/em><\/li>\n<li><em>Espa\u00f1ol Regular o Avanzado *<\/em><\/li>\n<li><em>Ingl\u00e9s Regular o Avanzado *<\/em><\/li>\n<li><em>Pre-C\u00e1lculo * o \u00c1lgebra III<\/em><\/li>\n<li><em>Pol\u00edtica \/ Econom\u00eda<\/em><\/li>\n<li><em>Educaci\u00f3n F\u00edsica<\/em><\/li>\n<li><em>Electivas: \u00a0Ciencias Ambientales, Apreciaci\u00f3n Musical, Fisiolog\u00eda, o Coro<\/em><\/li>\n<\/ul>\n<div><em>* <\/em><strong>La participaci\u00f3n en cursos avanzados depender\u00e1 del promedio del estudiante en la materia, la puntuaci\u00f3n del examen de admisi\u00f3n al curso y la recomendaci\u00f3n del maestro. \u00a0No se admitir\u00e1 en cursos avanzados a estudiantes que no hayan tomado el examen de ubicaci\u00f3n.\u00a0<\/strong><\/div>\n<\/div>\n<p>&nbsp;<\/p>\n<\/div>\n","protected":false},"excerpt":{"rendered":"<p>Cada clase b\u00e1sica contar\u00e1 con un tiempo m\u00ednimo de 250 minutos semanales como requisito. Grados 1-6 Nuestro Nivel Elemental se &hellip; <\/p>\n","protected":false},"author":1,"featured_media":0,"parent":0,"menu_order":0,"comment_status":"open","ping_status":"open","template":"","meta":{"footnotes":""},"class_list":["post-47","page","type-page","status-publish","hentry"],"_links":{"self":[{"href":"http:\/\/www.colegiosanagustincaborojo.com\/index.php?rest_route=\/wp\/v2\/pages\/47","targetHints":{"allow":["GET"]}}],"collection":[{"href":"http:\/\/www.colegiosanagustincaborojo.com\/index.php?rest_route=\/wp\/v2\/pages"}],"about":[{"href":"http:\/\/www.colegiosanagustincaborojo.com\/index.php?rest_route=\/wp\/v2\/types\/page"}],"author":[{"embeddable":true,"href":"http:\/\/www.colegiosanagustincaborojo.com\/index.php?rest_route=\/wp\/v2\/users\/1"}],"replies":[{"embeddable":true,"href":"http:\/\/www.colegiosanagustincaborojo.com\/index.php?rest_route=%2Fwp%2Fv2%2Fcomments&post=47"}],"version-history":[{"count":6,"href":"http:\/\/www.colegiosanagustincaborojo.com\/index.php?rest_route=\/wp\/v2\/pages\/47\/revisions"}],"predecessor-version":[{"id":1259,"href":"http:\/\/www.colegiosanagustincaborojo.com\/index.php?rest_route=\/wp\/v2\/pages\/47\/revisions\/1259"}],"wp:attachment":[{"href":"http:\/\/www.colegiosanagustincaborojo.com\/index.php?rest_route=%2Fwp%2Fv2%2Fmedia&parent=47"}],"curies":[{"name":"wp","href":"https:\/\/api.w.org\/{rel}","templated":true}]}}